{"id":1322,"date":"2022-10-07T12:18:56","date_gmt":"2022-10-07T10:18:56","guid":{"rendered":"https:\/\/walltextile.pl\/?page_id=1322"},"modified":"2022-10-07T12:18:56","modified_gmt":"2022-10-07T10:18:56","slug":"dziekujemy","status":"publish","type":"page","link":"https:\/\/walltextile.pl\/index.php\/dziekujemy\/","title":{"rendered":"Dzi\u0119kujemy!"},"content":{"rendered":"<section  class='av_textblock_section av-l8yc4rjr-35e5c865ed2f36a48025bf12326da95e'  itemscope=\"itemscope\" itemtype=\"https:\/\/schema.org\/CreativeWork\" ><div class='avia_textblock'  itemprop=\"text\" ><p style=\"text-align: center;\"><strong>Twoja wiadomo\u015b\u0107 zosta\u0142a wys\u0142ana, dzi\u0119kujemy!<\/strong><\/p>\n<\/div><\/section>\n","protected":false},"excerpt":{"rendered":"","protected":false},"author":4,"featured_media":0,"parent":0,"menu_order":0,"comment_status":"closed","ping_status":"closed","template":"","meta":{"footnotes":""},"class_list":["post-1322","page","type-page","status-publish","hentry"],"_links":{"self":[{"href":"https:\/\/walltextile.pl\/index.php\/wp-json\/wp\/v2\/pages\/1322","targetHints":{"allow":["GET"]}}],"collection":[{"href":"https:\/\/walltextile.pl\/index.php\/wp-json\/wp\/v2\/pages"}],"about":[{"href":"https:\/\/walltextile.pl\/index.php\/wp-json\/wp\/v2\/types\/page"}],"author":[{"embeddable":true,"href":"https:\/\/walltextile.pl\/index.php\/wp-json\/wp\/v2\/users\/4"}],"replies":[{"embeddable":true,"href":"https:\/\/walltextile.pl\/index.php\/wp-json\/wp\/v2\/comments?post=1322"}],"version-history":[{"count":1,"href":"https:\/\/walltextile.pl\/index.php\/wp-json\/wp\/v2\/pages\/1322\/revisions"}],"predecessor-version":[{"id":1323,"href":"https:\/\/walltextile.pl\/index.php\/wp-json\/wp\/v2\/pages\/1322\/revisions\/1323"}],"wp:attachment":[{"href":"https:\/\/walltextile.pl\/index.php\/wp-json\/wp\/v2\/media?parent=1322"}],"curies":[{"name":"wp","href":"https:\/\/api.w.org\/{rel}","templated":true}]}}